{"id":9672,"date":"2025-02-10T22:22:42","date_gmt":"2025-02-10T20:22:42","guid":{"rendered":"https:\/\/siljart.fi\/?post_type=product&#038;p=9672"},"modified":"2026-03-21T00:56:40","modified_gmt":"2026-03-20T22:56:40","slug":"teos-kankaalle-spoken-by-the-leaves","status":"publish","type":"product","link":"https:\/\/siljart.fi\/en\/product\/teos-kankaalle-spoken-by-the-leaves\/","title":{"rendered":"Artwork on canvas \u201dSpoken by the leaves\u201d 73cm x 60cm"},"content":{"rendered":"<p>Artwork on canvas<\/p>\n<p>Korkeus 73cm, leveys 60cm, paksuus 2cm<\/p>\n<p>Acrylic, mixed media<\/p>\n<p>Ready to hang, signed, certificate of authenticity on the back<\/p>\n<p>Year of Creation: 2025<\/p>\n<p>Free delivery to the nearest Matkahuolto\/Post office in 2-5 working days!<\/p>\n<span class=\"et_bloom_bottom_trigger\"><\/span>","protected":false},"excerpt":{"rendered":"<p>Teos kankaalle Korkeus 73cm, leveys 60cm, paksuus 2cm Akryyli, sekatekniikka Ripustusvalmis, signeerattu, aitoustodistus takana Valmistusvuosi 2025 Ilmainen toimitus l\u00e4himp\u00e4\u00e4n matkahuollon\/postin toimipisteeseen Suomessa 2-5 arkip\u00e4iv\u00e4ss\u00e4<\/p>","protected":false},"featured_media":9674,"template":"","meta":{"_et_pb_use_builder":"","_et_pb_old_content":"","_et_gb_content_width":""},"product_brand":[],"product_cat":[55],"product_tag":[134,42],"class_list":{"0":"post-9672","1":"product","2":"type-product","3":"status-publish","4":"has-post-thumbnail","6":"product_cat-teokset-kankaalle","7":"product_tag-134","8":"product_tag-teos-kankaalle","10":"first","11":"instock","12":"taxable","13":"shipping-taxable","14":"purchasable","15":"product-type-simple"},"yoast_head":"<!-- This site is optimized with the Yoast SEO plugin v27.4 - https:\/\/yoast.com\/product\/yoast-seo-wordpress\/ -->\n<title>Teos kankaalle &quot;Spoken by the leaves&quot; 73cm x 60cm &#8211; Siljart<\/title>\n<meta name=\"robots\" content=\"index, follow, max-snippet:-1, max-image-preview:large, max-video-preview:-1\" \/>\n<link rel=\"canonical\" href=\"https:\/\/siljart.fi\/en\/product\/teos-kankaalle-spoken-by-the-leaves\/\" \/>\n<meta property=\"og:locale\" content=\"en_GB\" \/>\n<meta property=\"og:type\" content=\"article\" \/>\n<meta property=\"og:title\" content=\"Teos kankaalle &quot;Spoken by the leaves&quot; 73cm x 60cm &#8211; Siljart\" \/>\n<meta property=\"og:description\" content=\"Teos kankaalle Korkeus 73cm, leveys 60cm, paksuus 2cm Akryyli, sekatekniikka Ripustusvalmis, signeerattu, aitoustodistus takana Valmistusvuosi 2025 Ilmainen toimitus l\u00e4himp\u00e4\u00e4n matkahuollon\/postin toimipisteeseen Suomessa 2-5 arkip\u00e4iv\u00e4ss\u00e4\" \/>\n<meta property=\"og:url\" content=\"https:\/\/siljart.fi\/en\/product\/teos-kankaalle-spoken-by-the-leaves\/\" \/>\n<meta property=\"og:site_name\" content=\"Siljart\" \/>\n<meta property=\"article:publisher\" content=\"https:\/\/www.facebook.com\/Siljalitalo\/\" \/>\n<meta property=\"article:modified_time\" content=\"2026-03-20T22:56:40+00:00\" \/>\n<meta property=\"og:image\" content=\"https:\/\/siljart.fi\/wp-content\/uploads\/2025\/02\/SiljArt-Spoken-by-the-leaves-60cm-x-73cm.jpg\" \/>\n\t<meta property=\"og:image:width\" content=\"1392\" \/>\n\t<meta property=\"og:image:height\" content=\"1900\" \/>\n\t<meta property=\"og:image:type\" content=\"image\/jpeg\" \/>\n<meta name=\"twitter:card\" content=\"summary_large_image\" \/>\n<meta name=\"twitter:label1\" content=\"Estimated reading time\" \/>\n\t<meta name=\"twitter:data1\" content=\"1 minute\" \/>\n<script type=\"application\/ld+json\" class=\"yoast-schema-graph\">{\"@context\":\"https:\\\/\\\/schema.org\",\"@graph\":[{\"@type\":\"WebPage\",\"@id\":\"https:\\\/\\\/siljart.fi\\\/tuote\\\/teos-kankaalle-spoken-by-the-leaves\\\/\",\"url\":\"https:\\\/\\\/siljart.fi\\\/tuote\\\/teos-kankaalle-spoken-by-the-leaves\\\/\",\"name\":\"Teos kankaalle \\\"Spoken by the leaves\\\" 73cm x 60cm &#8211; Siljart\",\"isPartOf\":{\"@id\":\"https:\\\/\\\/siljart.fi\\\/#website\"},\"primaryImageOfPage\":{\"@id\":\"https:\\\/\\\/siljart.fi\\\/tuote\\\/teos-kankaalle-spoken-by-the-leaves\\\/#primaryimage\"},\"image\":{\"@id\":\"https:\\\/\\\/siljart.fi\\\/tuote\\\/teos-kankaalle-spoken-by-the-leaves\\\/#primaryimage\"},\"thumbnailUrl\":\"https:\\\/\\\/siljart.fi\\\/wp-content\\\/uploads\\\/2025\\\/02\\\/SiljArt-Spoken-by-the-leaves-60cm-x-73cm.jpg\",\"datePublished\":\"2025-02-10T20:22:42+00:00\",\"dateModified\":\"2026-03-20T22:56:40+00:00\",\"breadcrumb\":{\"@id\":\"https:\\\/\\\/siljart.fi\\\/tuote\\\/teos-kankaalle-spoken-by-the-leaves\\\/#breadcrumb\"},\"inLanguage\":\"en-GB\",\"potentialAction\":[{\"@type\":\"ReadAction\",\"target\":[\"https:\\\/\\\/siljart.fi\\\/tuote\\\/teos-kankaalle-spoken-by-the-leaves\\\/\"]}]},{\"@type\":\"ImageObject\",\"inLanguage\":\"en-GB\",\"@id\":\"https:\\\/\\\/siljart.fi\\\/tuote\\\/teos-kankaalle-spoken-by-the-leaves\\\/#primaryimage\",\"url\":\"https:\\\/\\\/siljart.fi\\\/wp-content\\\/uploads\\\/2025\\\/02\\\/SiljArt-Spoken-by-the-leaves-60cm-x-73cm.jpg\",\"contentUrl\":\"https:\\\/\\\/siljart.fi\\\/wp-content\\\/uploads\\\/2025\\\/02\\\/SiljArt-Spoken-by-the-leaves-60cm-x-73cm.jpg\",\"width\":1392,\"height\":1900,\"caption\":\"SiljArt - Spoken by the leaves - 60cm x 73cm\"},{\"@type\":\"BreadcrumbList\",\"@id\":\"https:\\\/\\\/siljart.fi\\\/tuote\\\/teos-kankaalle-spoken-by-the-leaves\\\/#breadcrumb\",\"itemListElement\":[{\"@type\":\"ListItem\",\"position\":1,\"name\":\"Etusivu\",\"item\":\"https:\\\/\\\/siljart.fi\\\/\"},{\"@type\":\"ListItem\",\"position\":2,\"name\":\"Kauppa\",\"item\":\"https:\\\/\\\/siljart.fi\\\/kauppa\\\/\"},{\"@type\":\"ListItem\",\"position\":3,\"name\":\"Teos kankaalle &#8221;Spoken by the leaves&#8221; 73cm x 60cm\"}]},{\"@type\":\"WebSite\",\"@id\":\"https:\\\/\\\/siljart.fi\\\/#website\",\"url\":\"https:\\\/\\\/siljart.fi\\\/\",\"name\":\"Siljart\",\"description\":\"Abstraktia taidetta akustiikkalevylle sek&auml; kankaalle\",\"publisher\":{\"@id\":\"https:\\\/\\\/siljart.fi\\\/#organization\"},\"potentialAction\":[{\"@type\":\"SearchAction\",\"target\":{\"@type\":\"EntryPoint\",\"urlTemplate\":\"https:\\\/\\\/siljart.fi\\\/?s={search_term_string}\"},\"query-input\":{\"@type\":\"PropertyValueSpecification\",\"valueRequired\":true,\"valueName\":\"search_term_string\"}}],\"inLanguage\":\"en-GB\"},{\"@type\":\"Organization\",\"@id\":\"https:\\\/\\\/siljart.fi\\\/#organization\",\"name\":\"Siljart\",\"url\":\"https:\\\/\\\/siljart.fi\\\/\",\"logo\":{\"@type\":\"ImageObject\",\"inLanguage\":\"en-GB\",\"@id\":\"https:\\\/\\\/siljart.fi\\\/#\\\/schema\\\/logo\\\/image\\\/\",\"url\":\"https:\\\/\\\/siljart.fi\\\/wp-content\\\/uploads\\\/2020\\\/11\\\/siljart-logo.png\",\"contentUrl\":\"https:\\\/\\\/siljart.fi\\\/wp-content\\\/uploads\\\/2020\\\/11\\\/siljart-logo.png\",\"width\":300,\"height\":194,\"caption\":\"Siljart\"},\"image\":{\"@id\":\"https:\\\/\\\/siljart.fi\\\/#\\\/schema\\\/logo\\\/image\\\/\"},\"sameAs\":[\"https:\\\/\\\/www.facebook.com\\\/Siljalitalo\\\/\",\"https:\\\/\\\/www.instagram.com\\\/artby.siljart\\\/?hl=fi\",\"https:\\\/\\\/fi.pinterest.com\\\/siljaalitalo\\\/_created\\\/\"]}]}<\/script>\n<!-- \/ Yoast SEO plugin. -->","yoast_head_json":{"title":"Teos kankaalle \"Spoken by the leaves\" 73cm x 60cm &#8211; Siljart","robots":{"index":"index","follow":"follow","max-snippet":"max-snippet:-1","max-image-preview":"max-image-preview:large","max-video-preview":"max-video-preview:-1"},"canonical":"https:\/\/siljart.fi\/en\/product\/teos-kankaalle-spoken-by-the-leaves\/","og_locale":"en_GB","og_type":"article","og_title":"Teos kankaalle \"Spoken by the leaves\" 73cm x 60cm &#8211; Siljart","og_description":"Teos kankaalle Korkeus 73cm, leveys 60cm, paksuus 2cm Akryyli, sekatekniikka Ripustusvalmis, signeerattu, aitoustodistus takana Valmistusvuosi 2025 Ilmainen toimitus l\u00e4himp\u00e4\u00e4n matkahuollon\/postin toimipisteeseen Suomessa 2-5 arkip\u00e4iv\u00e4ss\u00e4","og_url":"https:\/\/siljart.fi\/en\/product\/teos-kankaalle-spoken-by-the-leaves\/","og_site_name":"Siljart","article_publisher":"https:\/\/www.facebook.com\/Siljalitalo\/","article_modified_time":"2026-03-20T22:56:40+00:00","og_image":[{"width":1392,"height":1900,"url":"https:\/\/siljart.fi\/wp-content\/uploads\/2025\/02\/SiljArt-Spoken-by-the-leaves-60cm-x-73cm.jpg","type":"image\/jpeg"}],"twitter_card":"summary_large_image","twitter_misc":{"Estimated reading time":"1 minute"},"schema":{"@context":"https:\/\/schema.org","@graph":[{"@type":"WebPage","@id":"https:\/\/siljart.fi\/tuote\/teos-kankaalle-spoken-by-the-leaves\/","url":"https:\/\/siljart.fi\/tuote\/teos-kankaalle-spoken-by-the-leaves\/","name":"Teos kankaalle \"Spoken by the leaves\" 73cm x 60cm &#8211; Siljart","isPartOf":{"@id":"https:\/\/siljart.fi\/#website"},"primaryImageOfPage":{"@id":"https:\/\/siljart.fi\/tuote\/teos-kankaalle-spoken-by-the-leaves\/#primaryimage"},"image":{"@id":"https:\/\/siljart.fi\/tuote\/teos-kankaalle-spoken-by-the-leaves\/#primaryimage"},"thumbnailUrl":"https:\/\/siljart.fi\/wp-content\/uploads\/2025\/02\/SiljArt-Spoken-by-the-leaves-60cm-x-73cm.jpg","datePublished":"2025-02-10T20:22:42+00:00","dateModified":"2026-03-20T22:56:40+00:00","breadcrumb":{"@id":"https:\/\/siljart.fi\/tuote\/teos-kankaalle-spoken-by-the-leaves\/#breadcrumb"},"inLanguage":"en-GB","potentialAction":[{"@type":"ReadAction","target":["https:\/\/siljart.fi\/tuote\/teos-kankaalle-spoken-by-the-leaves\/"]}]},{"@type":"ImageObject","inLanguage":"en-GB","@id":"https:\/\/siljart.fi\/tuote\/teos-kankaalle-spoken-by-the-leaves\/#primaryimage","url":"https:\/\/siljart.fi\/wp-content\/uploads\/2025\/02\/SiljArt-Spoken-by-the-leaves-60cm-x-73cm.jpg","contentUrl":"https:\/\/siljart.fi\/wp-content\/uploads\/2025\/02\/SiljArt-Spoken-by-the-leaves-60cm-x-73cm.jpg","width":1392,"height":1900,"caption":"SiljArt - Spoken by the leaves - 60cm x 73cm"},{"@type":"BreadcrumbList","@id":"https:\/\/siljart.fi\/tuote\/teos-kankaalle-spoken-by-the-leaves\/#breadcrumb","itemListElement":[{"@type":"ListItem","position":1,"name":"Etusivu","item":"https:\/\/siljart.fi\/"},{"@type":"ListItem","position":2,"name":"Kauppa","item":"https:\/\/siljart.fi\/kauppa\/"},{"@type":"ListItem","position":3,"name":"Teos kankaalle &#8221;Spoken by the leaves&#8221; 73cm x 60cm"}]},{"@type":"WebSite","@id":"https:\/\/siljart.fi\/#website","url":"https:\/\/siljart.fi\/","name":"Siljart","description":"Abstraktia taidetta akustiikkalevylle sek&auml; kankaalle","publisher":{"@id":"https:\/\/siljart.fi\/#organization"},"potentialAction":[{"@type":"SearchAction","target":{"@type":"EntryPoint","urlTemplate":"https:\/\/siljart.fi\/?s={search_term_string}"},"query-input":{"@type":"PropertyValueSpecification","valueRequired":true,"valueName":"search_term_string"}}],"inLanguage":"en-GB"},{"@type":"Organization","@id":"https:\/\/siljart.fi\/#organization","name":"Siljart","url":"https:\/\/siljart.fi\/","logo":{"@type":"ImageObject","inLanguage":"en-GB","@id":"https:\/\/siljart.fi\/#\/schema\/logo\/image\/","url":"https:\/\/siljart.fi\/wp-content\/uploads\/2020\/11\/siljart-logo.png","contentUrl":"https:\/\/siljart.fi\/wp-content\/uploads\/2020\/11\/siljart-logo.png","width":300,"height":194,"caption":"Siljart"},"image":{"@id":"https:\/\/siljart.fi\/#\/schema\/logo\/image\/"},"sameAs":["https:\/\/www.facebook.com\/Siljalitalo\/","https:\/\/www.instagram.com\/artby.siljart\/?hl=fi","https:\/\/fi.pinterest.com\/siljaalitalo\/_created\/"]}]}},"jetpack_sharing_enabled":true,"_links":{"self":[{"href":"https:\/\/siljart.fi\/en\/wp-json\/wp\/v2\/product\/9672","targetHints":{"allow":["GET"]}}],"collection":[{"href":"https:\/\/siljart.fi\/en\/wp-json\/wp\/v2\/product"}],"about":[{"href":"https:\/\/siljart.fi\/en\/wp-json\/wp\/v2\/types\/product"}],"wp:featuredmedia":[{"embeddable":true,"href":"https:\/\/siljart.fi\/en\/wp-json\/wp\/v2\/media\/9674"}],"wp:attachment":[{"href":"https:\/\/siljart.fi\/en\/wp-json\/wp\/v2\/media?parent=9672"}],"wp:term":[{"taxonomy":"product_brand","embeddable":true,"href":"https:\/\/siljart.fi\/en\/wp-json\/wp\/v2\/product_brand?post=9672"},{"taxonomy":"product_cat","embeddable":true,"href":"https:\/\/siljart.fi\/en\/wp-json\/wp\/v2\/product_cat?post=9672"},{"taxonomy":"product_tag","embeddable":true,"href":"https:\/\/siljart.fi\/en\/wp-json\/wp\/v2\/product_tag?post=9672"}],"curies":[{"name":"wp","href":"https:\/\/api.w.org\/{rel}","templated":true}]}}

<p>Teos kankaalle Korkeus 73cm, leveys 60cm, paksuus 2cm Akryyli, sekatekniikka Ripustusvalmis, signeerattu, aitoustodistus takana Valmistusvuosi 2025 Ilmainen toimitus lähimpään matkahuollon/postin toimipisteeseen Suomessa 2-5 arkipäivässä</p>

<!-- This site is optimized with the Yoast SEO plugin v27.4 - https://yoast.com/product/yoast-seo-wordpress/ -->
<title>Teos kankaalle &quot;Spoken by the leaves&quot; 73cm x 60cm &#8211; Siljart</title>
<meta name="robots" content="index, follow, max-snippet:-1, max-image-preview:large, max-video-preview:-1" />
<link rel="canonical" href="https://siljart.fi/en/product/teos-kankaalle-spoken-by-the-leaves/" />
<meta property="og:locale" content="en_GB" />
<meta property="og:type" content="article" />
<meta property="og:title" content="Teos kankaalle &quot;Spoken by the leaves&quot; 73cm x 60cm &#8211; Siljart" />
<meta property="og:description" content="Teos kankaalle Korkeus 73cm, leveys 60cm, paksuus 2cm Akryyli, sekatekniikka Ripustusvalmis, signeerattu, aitoustodistus takana Valmistusvuosi 2025 Ilmainen toimitus lähimpään matkahuollon/postin toimipisteeseen Suomessa 2-5 arkipäivässä" />
<meta property="og:url" content="https://siljart.fi/en/product/teos-kankaalle-spoken-by-the-leaves/" />
<meta property="og:site_name" content="Siljart" />
<meta property="article:publisher" content="https://www.facebook.com/Siljalitalo/" />
<meta property="article:modified_time" content="2026-03-20T22:56:40+00:00" />
<meta property="og:image" content="https://siljart.fi/wp-content/uploads/2025/02/SiljArt-Spoken-by-the-leaves-60cm-x-73cm.jpg" />
	<meta property="og:image:width" content="1392" />
	<meta property="og:image:height" content="1900" />
	<meta property="og:image:type" content="image/jpeg" />
<meta name="twitter:card" content="summary_large_image" />
<meta name="twitter:label1" content="Estimated reading time" />
	<meta name="twitter:data1" content="1 minute" />
<script type="application/ld+json" class="yoast-schema-graph">{"@context":"https:\/\/schema.org","@graph":[{"@type":"WebPage","@id":"https:\/\/siljart.fi\/tuote\/teos-kankaalle-spoken-by-the-leaves\/","url":"https:\/\/siljart.fi\/tuote\/teos-kankaalle-spoken-by-the-leaves\/","name":"Teos kankaalle \"Spoken by the leaves\" 73cm x 60cm &#8211; Siljart","isPartOf":{"@id":"https:\/\/siljart.fi\/#website"},"primaryImageOfPage":{"@id":"https:\/\/siljart.fi\/tuote\/teos-kankaalle-spoken-by-the-leaves\/#primaryimage"},"image":{"@id":"https:\/\/siljart.fi\/tuote\/teos-kankaalle-spoken-by-the-leaves\/#primaryimage"},"thumbnailUrl":"https:\/\/siljart.fi\/wp-content\/uploads\/2025\/02\/SiljArt-Spoken-by-the-leaves-60cm-x-73cm.jpg","datePublished":"2025-02-10T20:22:42+00:00","dateModified":"2026-03-20T22:56:40+00:00","breadcrumb":{"@id":"https:\/\/siljart.fi\/tuote\/teos-kankaalle-spoken-by-the-leaves\/#breadcrumb"},"inLanguage":"en-GB","potentialAction":[{"@type":"ReadAction","target":["https:\/\/siljart.fi\/tuote\/teos-kankaalle-spoken-by-the-leaves\/"]}]},{"@type":"ImageObject","inLanguage":"en-GB","@id":"https:\/\/siljart.fi\/tuote\/teos-kankaalle-spoken-by-the-leaves\/#primaryimage","url":"https:\/\/siljart.fi\/wp-content\/uploads\/2025\/02\/SiljArt-Spoken-by-the-leaves-60cm-x-73cm.jpg","contentUrl":"https:\/\/siljart.fi\/wp-content\/uploads\/2025\/02\/SiljArt-Spoken-by-the-leaves-60cm-x-73cm.jpg","width":1392,"height":1900,"caption":"SiljArt - Spoken by the leaves - 60cm x 73cm"},{"@type":"BreadcrumbList","@id":"https:\/\/siljart.fi\/tuote\/teos-kankaalle-spoken-by-the-leaves\/#breadcrumb","itemListElement":[{"@type":"ListItem","position":1,"name":"Etusivu","item":"https:\/\/siljart.fi\/"},{"@type":"ListItem","position":2,"name":"Kauppa","item":"https:\/\/siljart.fi\/kauppa\/"},{"@type":"ListItem","position":3,"name":"Teos kankaalle &#8221;Spoken by the leaves&#8221; 73cm x 60cm"}]},{"@type":"WebSite","@id":"https:\/\/siljart.fi\/#website","url":"https:\/\/siljart.fi\/","name":"Siljart","description":"Abstraktia taidetta akustiikkalevylle sek&auml; kankaalle","publisher":{"@id":"https:\/\/siljart.fi\/#organization"},"potentialAction":[{"@type":"SearchAction","target":{"@type":"EntryPoint","urlTemplate":"https:\/\/siljart.fi\/?s={search_term_string}"},"query-input":{"@type":"PropertyValueSpecification","valueRequired":true,"valueName":"search_term_string"}}],"inLanguage":"en-GB"},{"@type":"Organization","@id":"https:\/\/siljart.fi\/#organization","name":"Siljart","url":"https:\/\/siljart.fi\/","logo":{"@type":"ImageObject","inLanguage":"en-GB","@id":"https:\/\/siljart.fi\/#\/schema\/logo\/image\/","url":"https:\/\/siljart.fi\/wp-content\/uploads\/2020\/11\/siljart-logo.png","contentUrl":"https:\/\/siljart.fi\/wp-content\/uploads\/2020\/11\/siljart-logo.png","width":300,"height":194,"caption":"Siljart"},"image":{"@id":"https:\/\/siljart.fi\/#\/schema\/logo\/image\/"},"sameAs":["https:\/\/www.facebook.com\/Siljalitalo\/","https:\/\/www.instagram.com\/artby.siljart\/?hl=fi","https:\/\/fi.pinterest.com\/siljaalitalo\/_created\/"]}]}</script>
<!-- / Yoast SEO plugin. -->

Teos kankaalle Korkeus 73cm, leveys 60cm, paksuus 2cm Akryyli, sekatekniikka Ripustusvalmis, signeerattu, aitoustodistus takana Valmistusvuosi 2025 Ilmainen toimitus lähimpään matkahuollon/postin toimipisteeseen Suomessa 2-5 arkipäivässä
